. Let f be b(8). Let m(i) = -i**3 - 11*i**2 - 10*i - 11. What is m(f)?
-11
Let d be 2/5 - ((-12)/(-10))/3. Let q(x) = -2 + 3*x - x**2 + 3*x + d*x. Determine q(5).
3
Let m(j) = j**2 - 2*j - 1. Let a be m(2). Let s(q) = 435*q - 1 - 1317*q + 441*q + 444*q. Calculate s(a).
-4
Let r(t) = 0*t - 7*t**2 - t + 2*t + 0*t. Let j(c) = -c**2. Let o(s) = 6*j(s) + r(s). Give o(1).
-12
Let d(l) be the first derivative of -2*l**2 + 4*l + 75. What is d(-3)?
16
Let p be (-60 + 61)/((-2)/(-4)). Let b(f) = 3*f**2 - 2. Determine b(p).
10
Let u(y) = -8*y + 7. Let j be u(0). Let f(l) = 4*l - 6. Determine f(j).
22
Let u = -65 - -57. Let w(n) = n**3 + 9*n**2 + 10*n + 12. What is w(u)?
-4
Let x(d) = -2*d**2 - 4*d - 1. Suppose -5*i = 3*s, 5*i + 4*s = -s. Suppose i = -r - 2 - 0. Let v(a) = a**3 + a**2 + 1. Let f be v(r). What is x(f)?
-7
Let k(x) = x**3 + 3*x**2 - x - 4. Let r = 31 + -57. Let t be ((-13)/r)/(1/(-6)). Determine k(t).
-1
Suppose -2*c + 7*l = 6*l + 6, -5*l = 3*c - 17. Let m(y) be the second derivative of -5*y**4/12 + y**3/6 + y**2/2 + 843*y. Calculate m(c).
-5
Let h(m) = -m**2 + 12*m - 4. Let n be (14/35)/(2/40). Determine h(n).
28
Let m = -728 - -729. Let w(q) = -5*q**3 + q**2 - q. Calculate w(m).
-5
Let k(u) be the first derivative of -u**4/4 + u**3/3 - u - 15. What is k(-2)?
11
Let c = -8 + 11. Let v be ((0 - -2) + -3)*-5. Let b(h) = -h - v + c*h + 4*h - 5*h. Calculate b(5).
0
Let c(s) = -s**2 + 1. Let v(i) = -i + 7. Let q be v(9). Let k(w) = -3*w**2 + 6*w + 3. Let o(d) = q*c(d) + k(d). Give o(5).
6
Let z(a) = 6*a**2 + 12*a + 7. Let q(g) = g**2 + g + 2. Let l(r) = -5*q(r) + z(r). Determine l(-4).
-15
Let z(v) = 10*v**3 + v - 1 - 8*v**3 - 3*v**3 + 6*v**2. Let t be z(6). Let k(i) = -4*i - 3. Let r(s) = s. Let u(g) = k(g) + 5*r(g). Calculate u(t).
2
Let p(u) = 3*u**2 - 19*u - 10. Let o be p(7). Let g = o + 1. Let h(i) = i**3 - 5*i**2 - i - 2. Calculate h(g).
-7
Let y(u) = -3*u**3 - 2*u**2 - 4*u - 8. Let c(k) = 7*k**3 + 3*k**2 + 8*k + 15. Let h(f) = 2*c(f) + 5*y(f). What is h(-4)?
6
Suppose 0 = 3*i + 3*h + 6, -2*i - 4*h = -h + 9. Let t(y) = 6*y - 4. Let r be t(i). Let s = r + -12. Let m(f) = -7*f + 1. Calculate m(s).
-13
Let h(s) = s**3 + 8*s**2 - s - 7. Let z be (-2 - (-20)/(-12))*-3. Let c = z - 25. Let g be (-8)/(-28) - (-116)/c. Determine h(g).
1
Let u = -44 - -45. Let z(o) = 3*o + 8 + 4 + 4 - 15. Determine z(u).
4
Let w(r) = 63 - 2*r - 193 + 63 + 61. What is w(-4)?
2
Suppose -46*w + 41*w = -175. Suppose 8*g - 13 = w. Let s(y) = y**3 - 6*y**2 - 2*y + 5. Give s(g).
-7
Let a(b) = -b**2 + 3*b + 4. Let h(d) = -d**2 - 6*d - 1. Let i be h(-4). Suppose 0 = 4*z - i*z + 9. Determine a(z).
4
Let d(m) be the second derivative of -m**4/12 + 5*m**3/3 - 5*m**2/2 + m + 1. Calculate d(10).
-5
Let u(f) = 4 + 4 - 11 + 0*f + 3*f. Calculate u(5).
12
Let v(u) = -u + 2*u**2 + u - 3*u**2 - 3*u. Calculate v(-4).
-4
Let a(c) = 12 - 27 - 25*c + 10 + 24*c. Determine a(8).
-13
Suppose 0 = 5*c - 3*p + 18 + 15, -2*c + 3*p = 15. Let d(z) = z - z + 6*z + z**2. Calculate d(c).
0
Let g(n) = 6*n + 9. Let u be 1/3 + (-110)/15. Let v(m) = -3*m - 4. Let i(k) = u*v(k) - 3*g(k). Determine i(-7).
-20
Let i(a) = -a**3 + 7*a**2 + 7*a + 3. Suppose 4*k - y + 7 = -19, y - 2 = 0. Let q be k/4*(-32)/6. Let j be i(q). Let b(s) = -s**2 - 4*s. Determine b(j).
-5
Let a(v) = 3*v**2 - 7 - 430*v**3 + 429*v**3 - 9*v**2 - 7*v. Let c(d) = -5 + d + 0 + 5. Let y be c(-5). Calculate a(y).
3
Let a(l) = -l**2 - 2*l + 8. Let i = -6 + 6. Suppose 0*o - 4*o + 24 = i. Let k(u) = u**2 + 2*u - 9. Let m(v) = o*a(v) + 5*k(v). Give m(-4).
-5
Let h(t) be the third derivative of -1/360*t**6 + 0*t + 0 - 7/24*t**4 - 1/3*t**3 + 1/20*t**5 - 4*t**2. Let r(j) be the first derivative of h(j). Calculate r(6).
-7
Let o(x) be the third derivative of -6*x**2 + 2/3*x**3 + 0 + 0*x - 1/60*x**5 + 5/24*x**4. What is o(5)?
4
Let c(x) = -4*x - 1. Let n = 134 + -135. Give c(n).
3
Let w(a) = 5*a**3 - 1. Suppose -v - 3*x + x = -2, -1 = v + x. Let f(r) = -2*r - 7. Let q be f(v). Determine w(q).
4
Suppose -3*p - 3*p + 168 = 0. Suppose 31*s - p*s = 0. Let f(l) = l**2 - l + 4. Determine f(s).
4
Suppose v - 4 = 0, 5*v = 5*l + 247 + 3. Let h = l + 46. Let r(y) = 4*y - 16 - 4*y - y. What is r(h)?
-16
Let n(a) be the first derivative of a**4/4 - 11*a**3/3 - 13*a**2 - 8*a - 637. Give n(13).
-8
Suppose -g - 2*g + 6 = 0. Let j be (12/10)/(g/(-10)). Let x(p) be the third derivative of -p**5/60 - p**4/6 + p**3 + 16*p**2. Calculate x(j).
-6
Let a(c) = -4*c**2 - 6*c - 11. Let x(z) = -7*z**2 - 12 - 3*z + 2*z**2 + 2*z - 4*z. Let b(l) = -4*a(l) + 3*x(l). Give b(-8).
0
Let n(b) be the second derivative of -5/6*b**3 + 3 + 1/6*b**4 + b**2 - 11*b. What is n(3)?
5
Let v(k) be the third derivative of k**5/120 - 5*k**4/12 - 5*k**3/6 - 10*k**2. Let l(w) be the first derivative of v(w). What is l(8)?
-2
Let k(n) be the third derivative of n**6/60 + n**5/30 - n**4/8 - n**3/2 - 10*n**2. Let m be k(-2). Let u(w) = -w**2 - 6*w + 2*w + 2*w + 7. What is u(m)?
-8
Let u(o) = -2*o - 1. Let y = 2 + 3. Suppose -2*j = -y*s - 23, -3*j + 0 = -s - 2. Let b be (-1)/s + (-29)/(-5). Give u(b).
-13
Suppose -5*n = 2*a + 35 - 53, 11 = 4*n + 5*a. Let i(o) = -o - 3. Give i(n).
-7
Let t(q) be the second derivative of q**5/20 + 5*q**4/12 - 4*q**3/3 - 9*q**2/2 + 2*q + 10. What is t(-6)?
3
Let h(v) = 3*v**2 - 5*v + 5. Let g(i) = -3*i + 5 - 2 + 2*i**2 - 3 + 3. Let d(x) = 5*g(x) - 3*h(x). Calculate d(2).
4
Suppose 5*n + 6 = 4*f, -3*n + 2*f = -2*f + 10. Suppose -5 - 3 = -n*d. Let s(l) = -l**2 + d + 0 - 1 - 2 + 8*l**3. Give s(-1).
-8
Let d(u) be the second derivative of -u**6/360 + u**5/24 - u**4/6 - 2*u**3/3 + 7*u. Let n(o) be the second derivative of d(o). Suppose -q + 12 = 2*q. Give n(q).
0
Let y = 161 + -156. Let l(b) = -8 - b + 0*b + 2*b + 0*b. What is l(y)?
-3
Let o(f) = 2*f + 8. Let g(q) = -q - 9. Let w(h) = 3*g(h) + 2*o(h). Suppose -67 = -5*y - 22. Determine w(y).
-2
Let j(f) = -f**2 + f + 1. Let s(l) = -2*l**2 + 11*l - 3. Let d(v) = -3*j(v) + s(v). What is d(-6)?
-18
Let l(r) = r**3 + 9*r**2 + 16*r - 6. Let o be l(-6). Let j be ((-50)/o - -7)*3*-1. Let n(b) = -b**3 + 3*b**2 + 4*b - 4. Calculate n(j).
-4
Let z(k) = k**2 - 9*k + 14. Suppose 0 = 2*i + 1 - 9. Calculate z(i).
-6
Let w(g) = -g**3 + 9*g**2 + 2*g - 12. Let t(d) = -d**2 + d + 3. Let v be t(0). Suppose f - 5*x = 34, v*x = -x - 20. What is w(f)?
6
Suppose -2*q = 4*l - 72, 4*q - 137 = -4*l + 3*l. Suppose -6*d = -q + 4. Let w(p) = -p**3 + 6*p**2 - 5*p + 3. What is w(d)?
3
Let m = -14 - -7. Let y(i) = -3*i**3 + 9*i**2 - 13*i - 8. Let w(n) = 5*n**3 - 17*n**2 + 25*n + 15. Let d(v) = m*y(v) - 4*w(v). Let o = -18 - -12. Give d(o).
14
Let j(a) = 5*a - 37. Let m be 96/15 + (-54)/(-90). What is j(m)?
-2
Let o(d) = -2 - 30*d - d**2 + 43*d + 8 - 2 - 21*d. Give o(-5).
19
Let f = -38 - -53. Let z be 0*3/f + (-2 - -7). Let x(m) = 6*m**2 - 6 - 5*m - 5*m**2 - 1. Give x(z).
-7
Let g(i) = -2*i**2 + 9*i - 10. Let q be (-7)/28 - 2*58/(-16). Calculate g(q).
-45
Let r be (-10)/3*(-2 - (-148)/5). Let z = -95 - r. Let o(t) = t**2 + 4*t + 2. What is o(z)?
-1
Let z(a) = 2*a - 29. Let l(v) = -3*v + 56. Let i(y) = 3*l(y) + 5*z(y). Calculate i(-18).
5
Let o(b) = 12*b**3 + 16*b**2 - 27*b - 9. Let s(t) = 7*t**3 + 8*t**2 - 14*t - 4. Let j(l) = 3*o(l) - 5*s(l). Determine j(-9).
11
Let u(i) be the first derivative of -i**7/168 + i**6/360 + i**5/120 - 2*i**3 - 7. Let q(g) be the third derivative of u(g). What is q(-1)?
5
Let c(s) = s + 7. Let x be c(-6). Let m(k) = 21*k - 1. Let n(t) = 19*t - 1. Let u(i) = 4*m(i) - 5*n(i). Give u(x).
-10
Let m(a) be the first derivative of -a**4/4 - a**3 + a**2 + 6*a + 167. Calculate m(-3).
0
Let v = 265 + -273. Let c(k) = -k**2 - 10*k - 18. Give c(v).
-2
Suppose -2*d + 2*h - 12 = -0*d, 0 = 5*h + 25. Let v(k) = k + 17. Determine v(d).
6
Let r(f) = f**3 + 6*f**2 - 7*f - 1. Let d be ((-18)/(-10))/(78/(-260)). Calculate r(d).
41
Let n(w) = -w**3 + 26*w**2 - 49*w + 28. Suppose -15*s - 5*m = -16*s + 29, 0 = -4*s - 5*m + 91. Calculate n(s).
4
Suppose -8*o + 10 = -3*o. Suppose n = o*n + 6. Let p(x) = -x - 7. Determine p(n).
-1
Let i(b) = -b - 12 + 10*b - 6*b + 2*b. Let z(t) = t. Let a(d) = -i(d) + 6*z(d). Suppose -2*h - 12 = -0*h. What is a(h)?
6
Suppose 2*x - 6 = -2. Let q(d) = -1 + 6*d**x - 176*d**3 + d + 6*d + 177*d**3. Calculate q(-5).
-11
S